{"id":14,"date":"2011-07-14T19:47:05","date_gmt":"2011-07-14T19:47:05","guid":{"rendered":"http:\/\/192.168.9.29\/Development\/TB\/?page_id=14"},"modified":"2019-08-19T17:23:31","modified_gmt":"2019-08-19T17:23:31","slug":"contact-us","status":"publish","type":"page","link":"http:\/\/www.enramex.com\/enramexES\/contact-us\/","title":{"rendered":"Cont\u00e1ctenos"},"content":{"rendered":"<p><iframe loading=\"lazy\" src=\"https:\/\/www.google.com\/maps\/embed?pb=!1m18!1m12!1m3!1d3066.17713165164!2d-105.08409738462335!3d39.78058007944425!2m3!1f0!2f0!3f0!3m2!1i1024!2i768!4f13.1!3m3!1m2!1s0x876b864c87b7666b%3A0x2191b24298d4b95!2s4601+Wadsworth+Blvd%2C+Wheat+Ridge%2C+CO+80033!5e0!3m2!1sen!2sus!4v1558381704936!5m2!1sen!2sus\" width=\"100%\" height=\"300\" frameborder=\"0\" style=\"border:0\" allowfullscreen=\"\"><\/iframe><\/p>\n\n\n\n<h2 class=\"wp-block-heading\"><strong>Cont\u00e1ctenos<\/strong><\/h2>\n\n\n\n<div class=\"wp-block-columns has-2-columns is-layout-flex wp-container-core-columns-is-layout-9d6595d7 wp-block-columns-is-layout-flex\">\n<div class=\"wp-block-column is-layout-flow wp-block-column-is-layout-flow\">\n<p>Extendemos una cordial invitaci\u00f3n para unirse a la familia de Enramex Inc. Para obtener m\u00e1s informaci\u00f3n sobre nosotros o para solicitar que el servicio sea un agente autorizado, env\u00edenos un correo electr\u00f3nico o cont\u00e1ctenos directamente al 877-707-7711, extensi\u00f3n 6080 o por correo electr\u00f3nico&nbsp;<a href=\"mailto:sales@enramex.com\" target=\"_blank\" rel=\"noreferrer noopener\" aria-label=\" (opens in a new tab)\">sales@enramex.com<\/a>.<\/p>\n<\/div>\n\n\n\n<div class=\"wp-block-column is-layout-flow wp-block-column-is-layout-flow\"><address>\n<strong>Enramex, Inc.<br \/>\n4601 Wadsworth Blvd<br \/>\nWheat Ridge<br \/>\nColorado\t80033-3305<\/strong><br \/>\nTelephone: 877-707-7711<br \/>\nFAX:  303-291-6010<br \/>\nCorreo electr\u00f3nico: <a href=\"mailto:sales@enramex.com\">sales@enramex.com<\/a><br \/>\n<\/address><!-- address (end) -->\n<\/div>\n<\/div>\n\n\n\n<h4 class=\"wp-block-heading\">Forma de contacto<\/h4>\n\n\n<div class=\"wpforms-container wpforms-container-full\" id=\"wpforms-2177\"><form id=\"wpforms-form-2177\" class=\"wpforms-validate wpforms-form\" data-formid=\"2177\" method=\"post\" enctype=\"multipart\/form-data\" action=\"\/enramexES\/wp-json\/wp\/v2\/pages\/14\" data-token=\"8f2558b82ca8c3d68da44ff24ccbce36\" data-token-time=\"1776529493\"><noscript class=\"wpforms-error-noscript\">Please enable JavaScript in your browser to complete this form.<\/noscript><div class=\"wpforms-field-container\"><div id=\"wpforms-2177-field_0-container\" class=\"wpforms-field wpforms-field-name\" data-field-id=\"0\"><label class=\"wpforms-field-label\">Nombre y Apellido <span class=\"wpforms-required-label\">*<\/span><\/label><div class=\"wpforms-field-row wpforms-field-medium\"><div class=\"wpforms-field-row-block wpforms-first wpforms-one-half\"><input type=\"text\" id=\"wpforms-2177-field_0\" class=\"wpforms-field-name-first wpforms-field-required\" name=\"wpforms[fields][0][first]\" required><label for=\"wpforms-2177-field_0\" class=\"wpforms-field-sublabel after\">First<\/label><\/div><div class=\"wpforms-field-row-block wpforms-one-half\"><input type=\"text\" id=\"wpforms-2177-field_0-last\" class=\"wpforms-field-name-last wpforms-field-required\" name=\"wpforms[fields][0][last]\" required><label for=\"wpforms-2177-field_0-last\" class=\"wpforms-field-sublabel after\">Last<\/label><\/div><\/div><\/div><div id=\"wpforms-2177-field_1-container\" class=\"wpforms-field wpforms-field-email\" data-field-id=\"1\"><label class=\"wpforms-field-label\" for=\"wpforms-2177-field_1\">Correo Electr\u00f3nico <span class=\"wpforms-required-label\">*<\/span><\/label><input type=\"email\" id=\"wpforms-2177-field_1\" class=\"wpforms-field-medium wpforms-field-required\" name=\"wpforms[fields][1]\" spellcheck=\"false\" required><\/div><div id=\"wpforms-2177-field_2-container\" class=\"wpforms-field wpforms-field-textarea\" data-field-id=\"2\"><label class=\"wpforms-field-label\" for=\"wpforms-2177-field_2\">Comentario o mensaje <span class=\"wpforms-required-label\">*<\/span><\/label><textarea id=\"wpforms-2177-field_2\" class=\"wpforms-field-medium wpforms-field-required\" name=\"wpforms[fields][2]\" required><\/textarea><\/div><\/div><!-- .wpforms-field-container --><div class=\"wpforms-field wpforms-field-hp\"><label for=\"wpforms-2177-field-hp\" class=\"wpforms-field-label\">Email<\/label><input type=\"text\" name=\"wpforms[hp]\" id=\"wpforms-2177-field-hp\" class=\"wpforms-field-medium\"><\/div><div class=\"wpforms-submit-container\" ><input type=\"hidden\" name=\"wpforms[id]\" value=\"2177\"><input type=\"hidden\" name=\"page_title\" value=\"\"><input type=\"hidden\" name=\"page_url\" value=\"http:\/\/www.enramex.com\/enramexES\/wp-json\/wp\/v2\/pages\/14\"><input type=\"hidden\" name=\"url_referer\" value=\"\"><button type=\"submit\" name=\"wpforms[submit]\" id=\"wpforms-submit-2177\" class=\"wpforms-submit\" data-alt-text=\"Enviando...\" data-submit-text=\"Enviar\" aria-live=\"assertive\" value=\"wpforms-submit\">Enviar<\/button><\/div><\/form><\/div>  <!-- .wpforms-container -->\n","protected":false},"excerpt":{"rendered":"Cont\u00e1ctenos Extendemos una cordial invitaci\u00f3n para unirse a la familia de Enramex Inc. Para obtener m\u00e1s informaci\u00f3n sobre nosotros o para solicitar que el servicio sea un agente autorizado, env\u00edenos un correo electr\u00f3nico o cont\u00e1ctenos directamente al 877-707-7711, extensi\u00f3n 6080 o por correo electr\u00f3nico&nbsp;sales@enramex.com. Forma de contacto","protected":false},"author":1,"featured_media":0,"parent":0,"menu_order":6,"comment_status":"open","ping_status":"closed","template":"page-fullwidth.php","meta":{"footnotes":""},"class_list":["post-14","page","type-page","status-publish","hentry"],"_links":{"self":[{"href":"http:\/\/www.enramex.com\/enramexES\/wp-json\/wp\/v2\/pages\/14","targetHints":{"allow":["GET"]}}],"collection":[{"href":"http:\/\/www.enramex.com\/enramexES\/wp-json\/wp\/v2\/pages"}],"about":[{"href":"http:\/\/www.enramex.com\/enramexES\/wp-json\/wp\/v2\/types\/page"}],"author":[{"embeddable":true,"href":"http:\/\/www.enramex.com\/enramexES\/wp-json\/wp\/v2\/users\/1"}],"replies":[{"embeddable":true,"href":"http:\/\/www.enramex.com\/enramexES\/wp-json\/wp\/v2\/comments?post=14"}],"version-history":[{"count":3,"href":"http:\/\/www.enramex.com\/enramexES\/wp-json\/wp\/v2\/pages\/14\/revisions"}],"predecessor-version":[{"id":2221,"href":"http:\/\/www.enramex.com\/enramexES\/wp-json\/wp\/v2\/pages\/14\/revisions\/2221"}],"wp:attachment":[{"href":"http:\/\/www.enramex.com\/enramexES\/wp-json\/wp\/v2\/media?parent=14"}],"curies":[{"name":"wp","href":"https:\/\/api.w.org\/{rel}","templated":true}]}}